{"id":110532,"date":"2023-06-05T10:29:13","date_gmt":"2023-06-05T08:29:13","guid":{"rendered":"https:\/\/www.policlinicagipuzkoa.com\/?post_type=preguntas&#038;p=110532"},"modified":"2023-06-05T10:29:15","modified_gmt":"2023-06-05T08:29:15","slug":"por-que-me-sienta-mal-el-gluten","status":"publish","type":"preguntas","link":"https:\/\/www.policlinicagipuzkoa.com\/eu\/preguntas-medicas\/por-que-me-sienta-mal-el-gluten\/","title":{"rendered":"\u00bfPor qu\u00e9 me sienta mal el gluten?"},"content":{"rendered":"\n<p>Ante un paciente que nos cuenta que le sienta mal el gluten, lo m\u00e1s importante es que ese paciente haga una consulta m\u00e9dica y <strong>sea valorado en una consulta de digestivo<\/strong>. <\/p>\n\n\n\n<p>El m\u00e9dico digestivo le har\u00e1 todas las preguntas necesarias y valorar\u00e1 qu\u00e9 pruebas hace falta hacerle a ese paciente en funci\u00f3n de lo que nos cuente. <\/p>\n\n\n\n<p>Si hay una asociaci\u00f3n con el gluten, es fundamental <strong>realizar las pruebas pertinentes <\/strong>para confirmar o descartar que el paciente sea cel\u00edaco. <\/p>\n\n\n\n<h2 class=\"wp-block-heading\">Sensibilidad al gluten no cel\u00edaca<\/h2>\n\n\n\n<p>Una vez descartado el paciente cel\u00edaco \u00bfpor qu\u00e9 a pesar de eso sigue habiendo gente que nos dice que le sienta mal el gluten? <\/p>\n\n\n\n<p>Nos tenemos que plantear que, cuando un paciente nos dice que se siente mejor al dejar el gluten, cabe la posibilidad de que esos alimentos que el paciente est\u00e1 dejando de comer, generalmente son <strong>ultraprocesados<\/strong>, galletas, boller\u00eda, panes refinados o pastas refinadas. En ese caso, probablemente son los componentes de esos alimentos ultraprocesados lo que el paciente est\u00e1 tolerando mal y no tanto el gluten. <\/p>\n\n\n\n<p>Otra opci\u00f3n podr\u00eda ser una<strong> reacci\u00f3n a los carbohidratos del trigo<\/strong>, como pueden ser los fructanos, que a veces pueden dar tambi\u00e9n s\u00edntomas de indigesti\u00f3n. <\/p>\n\n\n\n<p>Por otro lado, puede ser que todo esto est\u00e9 en el contexto de un<strong> trastorno funcional<\/strong>, como una <strong>distensi\u00f3n abdominal<\/strong> o un <strong>s\u00edndrome de intestino irritable<\/strong>. <\/p>\n\n\n\n<p>En cualquier caso es necesario, sin duda, que el paciente acuda a una consulta de digestivo para que se realice una valoraci\u00f3n integral.<\/p>\n","protected":false},"author":2,"featured_media":0,"template":"","meta":{"_acf_changed":false},"categories":[377],"tags":[4439,1596,5289],"class_list":["post-110532","preguntas","type-preguntas","status-publish","hentry","category-aparato-digestivo","tag-celiaquia","tag-enfermedades-digestivas","tag-laura-olondris"],"acf":[],"yoast_head":"<!-- This site is optimized with the Yoast SEO plugin v27.2 - https:\/\/yoast.com\/product\/yoast-seo-wordpress\/ -->\n<title>\u00bfPor qu\u00e9 me sienta mal el gluten? - Policl\u00ednica Gipuzkoa<\/title>\n<meta name=\"robots\" content=\"index, follow, max-snippet:-1, max-image-preview:large, max-video-preview:-1\" \/>\n<link rel=\"canonical\" href=\"https:\/\/www.policlinicagipuzkoa.com\/eu\/preguntas-medicas\/por-que-me-sienta-mal-el-gluten\/\" \/>\n<meta property=\"og:locale\" content=\"en_US\" \/>\n<meta property=\"og:type\" content=\"article\" \/>\n<meta property=\"og:title\" content=\"\u00bfPor qu\u00e9 me sienta mal el gluten? - Policl\u00ednica Gipuzkoa\" \/>\n<meta property=\"og:url\" content=\"https:\/\/www.policlinicagipuzkoa.com\/eu\/preguntas-medicas\/por-que-me-sienta-mal-el-gluten\/\" \/>\n<meta property=\"og:site_name\" content=\"Policl\u00ednica Gipuzkoa\" \/>\n<meta property=\"article:publisher\" content=\"https:\/\/www.facebook.com\/policlinicagipuzkoa\" \/>\n<meta property=\"article:modified_time\" content=\"2023-06-05T08:29:15+00:00\" \/>\n<meta name=\"twitter:card\" content=\"summary_large_image\" \/>\n<meta name=\"twitter:site\" content=\"@PolicliGipuzkoa\" \/>\n<meta name=\"twitter:label1\" content=\"Est. reading time\" \/>\n\t<meta name=\"twitter:data1\" content=\"1 minutua\" \/>\n<script type=\"application\/ld+json\" class=\"yoast-schema-graph\">{\"@context\":\"https:\/\/schema.org\",\"@graph\":[{\"@type\":\"WebPage\",\"@id\":\"https:\/\/www.policlinicagipuzkoa.com\/eu\/preguntas-medicas\/por-que-me-sienta-mal-el-gluten\/\",\"url\":\"https:\/\/www.policlinicagipuzkoa.com\/eu\/preguntas-medicas\/por-que-me-sienta-mal-el-gluten\/\",\"name\":\"\u00bfPor qu\u00e9 me sienta mal el gluten? - Policl\u00ednica Gipuzkoa\",\"isPartOf\":{\"@id\":\"https:\/\/www.policlinicagipuzkoa.com\/eu\/#website\"},\"datePublished\":\"2023-06-05T08:29:13+00:00\",\"dateModified\":\"2023-06-05T08:29:15+00:00\",\"breadcrumb\":{\"@id\":\"https:\/\/www.policlinicagipuzkoa.com\/eu\/preguntas-medicas\/por-que-me-sienta-mal-el-gluten\/#breadcrumb\"},\"inLanguage\":\"eu\",\"potentialAction\":[{\"@type\":\"ReadAction\",\"target\":[\"https:\/\/www.policlinicagipuzkoa.com\/eu\/preguntas-medicas\/por-que-me-sienta-mal-el-gluten\/\"]}]},{\"@type\":\"BreadcrumbList\",\"@id\":\"https:\/\/www.policlinicagipuzkoa.com\/eu\/preguntas-medicas\/por-que-me-sienta-mal-el-gluten\/#breadcrumb\",\"itemListElement\":[{\"@type\":\"ListItem\",\"position\":1,\"name\":\"Portada\",\"item\":\"https:\/\/www.policlinicagipuzkoa.com\/eu\/\"},{\"@type\":\"ListItem\",\"position\":2,\"name\":\"\u00bfPor qu\u00e9 me sienta mal el gluten?\"}]},{\"@type\":\"WebSite\",\"@id\":\"https:\/\/www.policlinicagipuzkoa.com\/eu\/#website\",\"url\":\"https:\/\/www.policlinicagipuzkoa.com\/eu\/\",\"name\":\"Policl\u00ednica Gipuzkoa\",\"description\":\"\",\"publisher\":{\"@id\":\"https:\/\/www.policlinicagipuzkoa.com\/eu\/#organization\"},\"potentialAction\":[{\"@type\":\"SearchAction\",\"target\":{\"@type\":\"EntryPoint\",\"urlTemplate\":\"https:\/\/www.policlinicagipuzkoa.com\/eu\/?s={search_term_string}\"},\"query-input\":{\"@type\":\"PropertyValueSpecification\",\"valueRequired\":true,\"valueName\":\"search_term_string\"}}],\"inLanguage\":\"eu\"},{\"@type\":\"Organization\",\"@id\":\"https:\/\/www.policlinicagipuzkoa.com\/eu\/#organization\",\"name\":\"Policl\u00ednica Gipuzkoa\",\"url\":\"https:\/\/www.policlinicagipuzkoa.com\/eu\/\",\"logo\":{\"@type\":\"ImageObject\",\"inLanguage\":\"eu\",\"@id\":\"https:\/\/www.policlinicagipuzkoa.com\/eu\/#\/schema\/logo\/image\/\",\"url\":\"https:\/\/www.policlinicagipuzkoa.com\/wp-content\/uploads\/2016\/12\/FotoLogoPG.jpg\",\"contentUrl\":\"https:\/\/www.policlinicagipuzkoa.com\/wp-content\/uploads\/2016\/12\/FotoLogoPG.jpg\",\"width\":1600,\"height\":800,\"caption\":\"Policl\u00ednica Gipuzkoa\"},\"image\":{\"@id\":\"https:\/\/www.policlinicagipuzkoa.com\/eu\/#\/schema\/logo\/image\/\"},\"sameAs\":[\"https:\/\/www.facebook.com\/policlinicagipuzkoa\",\"https:\/\/x.com\/PolicliGipuzkoa\",\"https:\/\/instagram.com\/policlinicagipuzkoa\/\",\"https:\/\/es.linkedin.com\/company\/policlinica-gipuzkoa\",\"https:\/\/www.youtube.com\/user\/POLICLINICAGIPUZKOA\"]}]}<\/script>\n<!-- \/ Yoast SEO plugin. -->","yoast_head_json":{"title":"\u00bfPor qu\u00e9 me sienta mal el gluten? - Policl\u00ednica Gipuzkoa","robots":{"index":"index","follow":"follow","max-snippet":"max-snippet:-1","max-image-preview":"max-image-preview:large","max-video-preview":"max-video-preview:-1"},"canonical":"https:\/\/www.policlinicagipuzkoa.com\/eu\/preguntas-medicas\/por-que-me-sienta-mal-el-gluten\/","og_locale":"en_US","og_type":"article","og_title":"\u00bfPor qu\u00e9 me sienta mal el gluten? - Policl\u00ednica Gipuzkoa","og_url":"https:\/\/www.policlinicagipuzkoa.com\/eu\/preguntas-medicas\/por-que-me-sienta-mal-el-gluten\/","og_site_name":"Policl\u00ednica Gipuzkoa","article_publisher":"https:\/\/www.facebook.com\/policlinicagipuzkoa","article_modified_time":"2023-06-05T08:29:15+00:00","twitter_card":"summary_large_image","twitter_site":"@PolicliGipuzkoa","twitter_misc":{"Est. reading time":"1 minutua"},"schema":{"@context":"https:\/\/schema.org","@graph":[{"@type":"WebPage","@id":"https:\/\/www.policlinicagipuzkoa.com\/eu\/preguntas-medicas\/por-que-me-sienta-mal-el-gluten\/","url":"https:\/\/www.policlinicagipuzkoa.com\/eu\/preguntas-medicas\/por-que-me-sienta-mal-el-gluten\/","name":"\u00bfPor qu\u00e9 me sienta mal el gluten? - Policl\u00ednica Gipuzkoa","isPartOf":{"@id":"https:\/\/www.policlinicagipuzkoa.com\/eu\/#website"},"datePublished":"2023-06-05T08:29:13+00:00","dateModified":"2023-06-05T08:29:15+00:00","breadcrumb":{"@id":"https:\/\/www.policlinicagipuzkoa.com\/eu\/preguntas-medicas\/por-que-me-sienta-mal-el-gluten\/#breadcrumb"},"inLanguage":"eu","potentialAction":[{"@type":"ReadAction","target":["https:\/\/www.policlinicagipuzkoa.com\/eu\/preguntas-medicas\/por-que-me-sienta-mal-el-gluten\/"]}]},{"@type":"BreadcrumbList","@id":"https:\/\/www.policlinicagipuzkoa.com\/eu\/preguntas-medicas\/por-que-me-sienta-mal-el-gluten\/#breadcrumb","itemListElement":[{"@type":"ListItem","position":1,"name":"Portada","item":"https:\/\/www.policlinicagipuzkoa.com\/eu\/"},{"@type":"ListItem","position":2,"name":"\u00bfPor qu\u00e9 me sienta mal el gluten?"}]},{"@type":"WebSite","@id":"https:\/\/www.policlinicagipuzkoa.com\/eu\/#website","url":"https:\/\/www.policlinicagipuzkoa.com\/eu\/","name":"Policl\u00ednica Gipuzkoa","description":"","publisher":{"@id":"https:\/\/www.policlinicagipuzkoa.com\/eu\/#organization"},"potentialAction":[{"@type":"SearchAction","target":{"@type":"EntryPoint","urlTemplate":"https:\/\/www.policlinicagipuzkoa.com\/eu\/?s={search_term_string}"},"query-input":{"@type":"PropertyValueSpecification","valueRequired":true,"valueName":"search_term_string"}}],"inLanguage":"eu"},{"@type":"Organization","@id":"https:\/\/www.policlinicagipuzkoa.com\/eu\/#organization","name":"Policl\u00ednica Gipuzkoa","url":"https:\/\/www.policlinicagipuzkoa.com\/eu\/","logo":{"@type":"ImageObject","inLanguage":"eu","@id":"https:\/\/www.policlinicagipuzkoa.com\/eu\/#\/schema\/logo\/image\/","url":"https:\/\/www.policlinicagipuzkoa.com\/wp-content\/uploads\/2016\/12\/FotoLogoPG.jpg","contentUrl":"https:\/\/www.policlinicagipuzkoa.com\/wp-content\/uploads\/2016\/12\/FotoLogoPG.jpg","width":1600,"height":800,"caption":"Policl\u00ednica Gipuzkoa"},"image":{"@id":"https:\/\/www.policlinicagipuzkoa.com\/eu\/#\/schema\/logo\/image\/"},"sameAs":["https:\/\/www.facebook.com\/policlinicagipuzkoa","https:\/\/x.com\/PolicliGipuzkoa","https:\/\/instagram.com\/policlinicagipuzkoa\/","https:\/\/es.linkedin.com\/company\/policlinica-gipuzkoa","https:\/\/www.youtube.com\/user\/POLICLINICAGIPUZKOA"]}]}},"_links":{"self":[{"href":"https:\/\/www.policlinicagipuzkoa.com\/eu\/wp-json\/wp\/v2\/preguntas\/110532","targetHints":{"allow":["GET"]}}],"collection":[{"href":"https:\/\/www.policlinicagipuzkoa.com\/eu\/wp-json\/wp\/v2\/preguntas"}],"about":[{"href":"https:\/\/www.policlinicagipuzkoa.com\/eu\/wp-json\/wp\/v2\/types\/preguntas"}],"author":[{"embeddable":true,"href":"https:\/\/www.policlinicagipuzkoa.com\/eu\/wp-json\/wp\/v2\/users\/2"}],"wp:attachment":[{"href":"https:\/\/www.policlinicagipuzkoa.com\/eu\/wp-json\/wp\/v2\/media?parent=110532"}],"wp:term":[{"taxonomy":"category","embeddable":true,"href":"https:\/\/www.policlinicagipuzkoa.com\/eu\/wp-json\/wp\/v2\/categories?post=110532"},{"taxonomy":"post_tag","embeddable":true,"href":"https:\/\/www.policlinicagipuzkoa.com\/eu\/wp-json\/wp\/v2\/tags?post=110532"}],"curies":[{"name":"wp","href":"https:\/\/api.w.org\/{rel}","templated":true}]}}

¿Por qué me sienta mal el gluten?

<p>Ante un paciente que nos cuenta que le sienta mal el gluten, lo más importante es que ese paciente haga una consulta médica y <strong>sea valorado en una consulta de digestivo</strong>. </p>



<p>El médico digestivo le hará todas las preguntas necesarias y valorará qué pruebas hace falta hacerle a ese paciente en función de lo que nos cuente. </p>



<p>Si hay una asociación con el gluten, es fundamental <strong>realizar las pruebas pertinentes </strong>para confirmar o descartar que el paciente sea celíaco. </p>



<h2 class="wp-block-heading">Sensibilidad al gluten no celíaca</h2>



<p>Una vez descartado el paciente celíaco ¿por qué a pesar de eso sigue habiendo gente que nos dice que le sienta mal el gluten? </p>



<p>Nos tenemos que plantear que, cuando un paciente nos dice que se siente mejor al dejar el gluten, cabe la posibilidad de que esos alimentos que el paciente está dejando de comer, generalmente son <strong>ultraprocesados</strong>, galletas, bollería, panes refinados o pastas refinadas. En ese caso, probablemente son los componentes de esos alimentos ultraprocesados lo que el paciente está tolerando mal y no tanto el gluten. </p>



<p>Otra opción podría ser una<strong> reacción a los carbohidratos del trigo</strong>, como pueden ser los fructanos, que a veces pueden dar también síntomas de indigestión. </p>



<p>Por otro lado, puede ser que todo esto esté en el contexto de un<strong> trastorno funcional</strong>, como una <strong>distensión abdominal</strong> o un <strong>síndrome de intestino irritable</strong>. </p>



<p>En cualquier caso es necesario, sin duda, que el paciente acuda a una consulta de digestivo para que se realice una valoración integral.</p>

<!-- This site is optimized with the Yoast SEO plugin v27.2 - https://yoast.com/product/yoast-seo-wordpress/ -->
<title>¿Por qué me sienta mal el gluten? - Policlínica Gipuzkoa</title>
<meta name="robots" content="index, follow, max-snippet:-1, max-image-preview:large, max-video-preview:-1" />
<link rel="canonical" href="https://www.policlinicagipuzkoa.com/eu/preguntas-medicas/por-que-me-sienta-mal-el-gluten/" />
<meta property="og:locale" content="en_US" />
<meta property="og:type" content="article" />
<meta property="og:title" content="¿Por qué me sienta mal el gluten? - Policlínica Gipuzkoa" />
<meta property="og:url" content="https://www.policlinicagipuzkoa.com/eu/preguntas-medicas/por-que-me-sienta-mal-el-gluten/" />
<meta property="og:site_name" content="Policlínica Gipuzkoa" />
<meta property="article:publisher" content="https://www.facebook.com/policlinicagipuzkoa" />
<meta property="article:modified_time" content="2023-06-05T08:29:15+00:00" />
<meta name="twitter:card" content="summary_large_image" />
<meta name="twitter:site" content="@PolicliGipuzkoa" />
<meta name="twitter:label1" content="Est. reading time" />
	<meta name="twitter:data1" content="1 minutua" />
<script type="application/ld+json" class="yoast-schema-graph">{"@context":"https://schema.org","@graph":[{"@type":"WebPage","@id":"https://www.policlinicagipuzkoa.com/eu/preguntas-medicas/por-que-me-sienta-mal-el-gluten/","url":"https://www.policlinicagipuzkoa.com/eu/preguntas-medicas/por-que-me-sienta-mal-el-gluten/","name":"¿Por qué me sienta mal el gluten? - Policlínica Gipuzkoa","isPartOf":{"@id":"https://www.policlinicagipuzkoa.com/eu/#website"},"datePublished":"2023-06-05T08:29:13+00:00","dateModified":"2023-06-05T08:29:15+00:00","breadcrumb":{"@id":"https://www.policlinicagipuzkoa.com/eu/preguntas-medicas/por-que-me-sienta-mal-el-gluten/#breadcrumb"},"inLanguage":"eu","potentialAction":[{"@type":"ReadAction","target":["https://www.policlinicagipuzkoa.com/eu/preguntas-medicas/por-que-me-sienta-mal-el-gluten/"]}]},{"@type":"BreadcrumbList","@id":"https://www.policlinicagipuzkoa.com/eu/preguntas-medicas/por-que-me-sienta-mal-el-gluten/#breadcrumb","itemListElement":[{"@type":"ListItem","position":1,"name":"Portada","item":"https://www.policlinicagipuzkoa.com/eu/"},{"@type":"ListItem","position":2,"name":"¿Por qué me sienta mal el gluten?"}]},{"@type":"WebSite","@id":"https://www.policlinicagipuzkoa.com/eu/#website","url":"https://www.policlinicagipuzkoa.com/eu/","name":"Policlínica Gipuzkoa","description":"","publisher":{"@id":"https://www.policlinicagipuzkoa.com/eu/#organization"},"potentialAction":[{"@type":"SearchAction","target":{"@type":"EntryPoint","urlTemplate":"https://www.policlinicagipuzkoa.com/eu/?s={search_term_string}"},"query-input":{"@type":"PropertyValueSpecification","valueRequired":true,"valueName":"search_term_string"}}],"inLanguage":"eu"},{"@type":"Organization","@id":"https://www.policlinicagipuzkoa.com/eu/#organization","name":"Policlínica Gipuzkoa","url":"https://www.policlinicagipuzkoa.com/eu/","logo":{"@type":"ImageObject","inLanguage":"eu","@id":"https://www.policlinicagipuzkoa.com/eu/#/schema/logo/image/","url":"https://www.policlinicagipuzkoa.com/wp-content/uploads/2016/12/FotoLogoPG.jpg","contentUrl":"https://www.policlinicagipuzkoa.com/wp-content/uploads/2016/12/FotoLogoPG.jpg","width":1600,"height":800,"caption":"Policlínica Gipuzkoa"},"image":{"@id":"https://www.policlinicagipuzkoa.com/eu/#/schema/logo/image/"},"sameAs":["https://www.facebook.com/policlinicagipuzkoa","https://x.com/PolicliGipuzkoa","https://instagram.com/policlinicagipuzkoa/","https://es.linkedin.com/company/policlinica-gipuzkoa","https://www.youtube.com/user/POLICLINICAGIPUZKOA"]}]}</script>
<!-- / Yoast SEO plugin. -->

¿Por qué me sienta mal el gluten? - Policlínica Gipuzkoa

Policlínica Gipuzkoa
