{"id":109723,"date":"2023-04-28T14:26:09","date_gmt":"2023-04-28T12:26:09","guid":{"rendered":"https:\/\/www.policlinicagipuzkoa.com\/?post_type=preguntas&#038;p=109723"},"modified":"2023-04-28T14:30:00","modified_gmt":"2023-04-28T12:30:00","slug":"deporte-asma","status":"publish","type":"preguntas","link":"https:\/\/www.policlinicagipuzkoa.com\/eu\/preguntas-medicas\/deporte-asma\/","title":{"rendered":"\u00bfPuedo hacer deporte si tengo asma?"},"content":{"rendered":"\n<p>Se puede hacer ejercicio f\u00edsico teniendo asma si el asma se encuentra <strong>en una fase de control<\/strong>.<\/p>\n\n\n\n<p>El ejercicio f\u00edsico y la hiperventilaci\u00f3n propia del deporte son, de por s\u00ed, desencadenantes de asma, con lo cual, para hacer deporte, ese asma debe estar bien controlada, por eso es muy importante acudir al alerg\u00f3logo. <\/p>\n\n\n\n<p>La idea no es ir aliviar los s\u00edntomas del asma, sino prevenir. Existen inhaladores de mantenimiento que se hacen cada 24 o cada 12 horas, aun cuando el paciente est\u00e1 bien, para que ese asma est\u00e9 bien controlada y, cuando se exponga al ejercicio f\u00edsico, ese asma no empeore, no se exacerbe. <\/p>\n\n\n\n<p>Est\u00e1 demostrado que un <strong>ejercicio regular de intensidad mediana<\/strong> es beneficioso para la capacidad pulmonar de pacientes asm\u00e1ticos. <\/p>\n\n\n\n<p>No es recomendable realizar ejercicio profesional o de alta intensidad. Por otro lado, un ejercicio suave, como el yoga o el pilates, tampoco ayudar\u00edan a mejorar la capacidad pulmonar. Lo m\u00e1s recomendable ser\u00eda un ejercicio aer\u00f3bico regular de intensidad media.<\/p>\n","protected":false},"author":2,"featured_media":0,"template":"","meta":{"_acf_changed":false},"categories":[398],"tags":[4110],"class_list":["post-109723","preguntas","type-preguntas","status-publish","hentry","category-alergologia","tag-alergologia-2"],"acf":[],"yoast_head":"<!-- This site is optimized with the Yoast SEO plugin v27.2 - https:\/\/yoast.com\/product\/yoast-seo-wordpress\/ -->\n<title>\u00bfPuedo hacer deporte si tengo asma? - Policl\u00ednica Gipuzkoa<\/title>\n<meta name=\"robots\" content=\"index, follow, max-snippet:-1, max-image-preview:large, max-video-preview:-1\" \/>\n<link rel=\"canonical\" href=\"https:\/\/www.policlinicagipuzkoa.com\/eu\/preguntas-medicas\/deporte-asma\/\" \/>\n<meta property=\"og:locale\" content=\"en_US\" \/>\n<meta property=\"og:type\" content=\"article\" \/>\n<meta property=\"og:title\" content=\"\u00bfPuedo hacer deporte si tengo asma? - Policl\u00ednica Gipuzkoa\" \/>\n<meta property=\"og:url\" content=\"https:\/\/www.policlinicagipuzkoa.com\/eu\/preguntas-medicas\/deporte-asma\/\" \/>\n<meta property=\"og:site_name\" content=\"Policl\u00ednica Gipuzkoa\" \/>\n<meta property=\"article:publisher\" content=\"https:\/\/www.facebook.com\/policlinicagipuzkoa\" \/>\n<meta property=\"article:modified_time\" content=\"2023-04-28T12:30:00+00:00\" \/>\n<meta name=\"twitter:card\" content=\"summary_large_image\" \/>\n<meta name=\"twitter:site\" content=\"@PolicliGipuzkoa\" \/>\n<meta name=\"twitter:label1\" content=\"Est. reading time\" \/>\n\t<meta name=\"twitter:data1\" content=\"1 minutua\" \/>\n<script type=\"application\/ld+json\" class=\"yoast-schema-graph\">{\"@context\":\"https:\/\/schema.org\",\"@graph\":[{\"@type\":\"WebPage\",\"@id\":\"https:\/\/www.policlinicagipuzkoa.com\/eu\/preguntas-medicas\/deporte-asma\/\",\"url\":\"https:\/\/www.policlinicagipuzkoa.com\/eu\/preguntas-medicas\/deporte-asma\/\",\"name\":\"\u00bfPuedo hacer deporte si tengo asma? - Policl\u00ednica Gipuzkoa\",\"isPartOf\":{\"@id\":\"https:\/\/www.policlinicagipuzkoa.com\/eu\/#website\"},\"datePublished\":\"2023-04-28T12:26:09+00:00\",\"dateModified\":\"2023-04-28T12:30:00+00:00\",\"breadcrumb\":{\"@id\":\"https:\/\/www.policlinicagipuzkoa.com\/eu\/preguntas-medicas\/deporte-asma\/#breadcrumb\"},\"inLanguage\":\"eu\",\"potentialAction\":[{\"@type\":\"ReadAction\",\"target\":[\"https:\/\/www.policlinicagipuzkoa.com\/eu\/preguntas-medicas\/deporte-asma\/\"]}]},{\"@type\":\"BreadcrumbList\",\"@id\":\"https:\/\/www.policlinicagipuzkoa.com\/eu\/preguntas-medicas\/deporte-asma\/#breadcrumb\",\"itemListElement\":[{\"@type\":\"ListItem\",\"position\":1,\"name\":\"Portada\",\"item\":\"https:\/\/www.policlinicagipuzkoa.com\/eu\/\"},{\"@type\":\"ListItem\",\"position\":2,\"name\":\"\u00bfPuedo hacer deporte si tengo asma?\"}]},{\"@type\":\"WebSite\",\"@id\":\"https:\/\/www.policlinicagipuzkoa.com\/eu\/#website\",\"url\":\"https:\/\/www.policlinicagipuzkoa.com\/eu\/\",\"name\":\"Policl\u00ednica Gipuzkoa\",\"description\":\"\",\"publisher\":{\"@id\":\"https:\/\/www.policlinicagipuzkoa.com\/eu\/#organization\"},\"potentialAction\":[{\"@type\":\"SearchAction\",\"target\":{\"@type\":\"EntryPoint\",\"urlTemplate\":\"https:\/\/www.policlinicagipuzkoa.com\/eu\/?s={search_term_string}\"},\"query-input\":{\"@type\":\"PropertyValueSpecification\",\"valueRequired\":true,\"valueName\":\"search_term_string\"}}],\"inLanguage\":\"eu\"},{\"@type\":\"Organization\",\"@id\":\"https:\/\/www.policlinicagipuzkoa.com\/eu\/#organization\",\"name\":\"Policl\u00ednica Gipuzkoa\",\"url\":\"https:\/\/www.policlinicagipuzkoa.com\/eu\/\",\"logo\":{\"@type\":\"ImageObject\",\"inLanguage\":\"eu\",\"@id\":\"https:\/\/www.policlinicagipuzkoa.com\/eu\/#\/schema\/logo\/image\/\",\"url\":\"https:\/\/www.policlinicagipuzkoa.com\/wp-content\/uploads\/2016\/12\/FotoLogoPG.jpg\",\"contentUrl\":\"https:\/\/www.policlinicagipuzkoa.com\/wp-content\/uploads\/2016\/12\/FotoLogoPG.jpg\",\"width\":1600,\"height\":800,\"caption\":\"Policl\u00ednica Gipuzkoa\"},\"image\":{\"@id\":\"https:\/\/www.policlinicagipuzkoa.com\/eu\/#\/schema\/logo\/image\/\"},\"sameAs\":[\"https:\/\/www.facebook.com\/policlinicagipuzkoa\",\"https:\/\/x.com\/PolicliGipuzkoa\",\"https:\/\/instagram.com\/policlinicagipuzkoa\/\",\"https:\/\/es.linkedin.com\/company\/policlinica-gipuzkoa\",\"https:\/\/www.youtube.com\/user\/POLICLINICAGIPUZKOA\"]}]}<\/script>\n<!-- \/ Yoast SEO plugin. -->","yoast_head_json":{"title":"\u00bfPuedo hacer deporte si tengo asma? - Policl\u00ednica Gipuzkoa","robots":{"index":"index","follow":"follow","max-snippet":"max-snippet:-1","max-image-preview":"max-image-preview:large","max-video-preview":"max-video-preview:-1"},"canonical":"https:\/\/www.policlinicagipuzkoa.com\/eu\/preguntas-medicas\/deporte-asma\/","og_locale":"en_US","og_type":"article","og_title":"\u00bfPuedo hacer deporte si tengo asma? - Policl\u00ednica Gipuzkoa","og_url":"https:\/\/www.policlinicagipuzkoa.com\/eu\/preguntas-medicas\/deporte-asma\/","og_site_name":"Policl\u00ednica Gipuzkoa","article_publisher":"https:\/\/www.facebook.com\/policlinicagipuzkoa","article_modified_time":"2023-04-28T12:30:00+00:00","twitter_card":"summary_large_image","twitter_site":"@PolicliGipuzkoa","twitter_misc":{"Est. reading time":"1 minutua"},"schema":{"@context":"https:\/\/schema.org","@graph":[{"@type":"WebPage","@id":"https:\/\/www.policlinicagipuzkoa.com\/eu\/preguntas-medicas\/deporte-asma\/","url":"https:\/\/www.policlinicagipuzkoa.com\/eu\/preguntas-medicas\/deporte-asma\/","name":"\u00bfPuedo hacer deporte si tengo asma? - Policl\u00ednica Gipuzkoa","isPartOf":{"@id":"https:\/\/www.policlinicagipuzkoa.com\/eu\/#website"},"datePublished":"2023-04-28T12:26:09+00:00","dateModified":"2023-04-28T12:30:00+00:00","breadcrumb":{"@id":"https:\/\/www.policlinicagipuzkoa.com\/eu\/preguntas-medicas\/deporte-asma\/#breadcrumb"},"inLanguage":"eu","potentialAction":[{"@type":"ReadAction","target":["https:\/\/www.policlinicagipuzkoa.com\/eu\/preguntas-medicas\/deporte-asma\/"]}]},{"@type":"BreadcrumbList","@id":"https:\/\/www.policlinicagipuzkoa.com\/eu\/preguntas-medicas\/deporte-asma\/#breadcrumb","itemListElement":[{"@type":"ListItem","position":1,"name":"Portada","item":"https:\/\/www.policlinicagipuzkoa.com\/eu\/"},{"@type":"ListItem","position":2,"name":"\u00bfPuedo hacer deporte si tengo asma?"}]},{"@type":"WebSite","@id":"https:\/\/www.policlinicagipuzkoa.com\/eu\/#website","url":"https:\/\/www.policlinicagipuzkoa.com\/eu\/","name":"Policl\u00ednica Gipuzkoa","description":"","publisher":{"@id":"https:\/\/www.policlinicagipuzkoa.com\/eu\/#organization"},"potentialAction":[{"@type":"SearchAction","target":{"@type":"EntryPoint","urlTemplate":"https:\/\/www.policlinicagipuzkoa.com\/eu\/?s={search_term_string}"},"query-input":{"@type":"PropertyValueSpecification","valueRequired":true,"valueName":"search_term_string"}}],"inLanguage":"eu"},{"@type":"Organization","@id":"https:\/\/www.policlinicagipuzkoa.com\/eu\/#organization","name":"Policl\u00ednica Gipuzkoa","url":"https:\/\/www.policlinicagipuzkoa.com\/eu\/","logo":{"@type":"ImageObject","inLanguage":"eu","@id":"https:\/\/www.policlinicagipuzkoa.com\/eu\/#\/schema\/logo\/image\/","url":"https:\/\/www.policlinicagipuzkoa.com\/wp-content\/uploads\/2016\/12\/FotoLogoPG.jpg","contentUrl":"https:\/\/www.policlinicagipuzkoa.com\/wp-content\/uploads\/2016\/12\/FotoLogoPG.jpg","width":1600,"height":800,"caption":"Policl\u00ednica Gipuzkoa"},"image":{"@id":"https:\/\/www.policlinicagipuzkoa.com\/eu\/#\/schema\/logo\/image\/"},"sameAs":["https:\/\/www.facebook.com\/policlinicagipuzkoa","https:\/\/x.com\/PolicliGipuzkoa","https:\/\/instagram.com\/policlinicagipuzkoa\/","https:\/\/es.linkedin.com\/company\/policlinica-gipuzkoa","https:\/\/www.youtube.com\/user\/POLICLINICAGIPUZKOA"]}]}},"_links":{"self":[{"href":"https:\/\/www.policlinicagipuzkoa.com\/eu\/wp-json\/wp\/v2\/preguntas\/109723","targetHints":{"allow":["GET"]}}],"collection":[{"href":"https:\/\/www.policlinicagipuzkoa.com\/eu\/wp-json\/wp\/v2\/preguntas"}],"about":[{"href":"https:\/\/www.policlinicagipuzkoa.com\/eu\/wp-json\/wp\/v2\/types\/preguntas"}],"author":[{"embeddable":true,"href":"https:\/\/www.policlinicagipuzkoa.com\/eu\/wp-json\/wp\/v2\/users\/2"}],"wp:attachment":[{"href":"https:\/\/www.policlinicagipuzkoa.com\/eu\/wp-json\/wp\/v2\/media?parent=109723"}],"wp:term":[{"taxonomy":"category","embeddable":true,"href":"https:\/\/www.policlinicagipuzkoa.com\/eu\/wp-json\/wp\/v2\/categories?post=109723"},{"taxonomy":"post_tag","embeddable":true,"href":"https:\/\/www.policlinicagipuzkoa.com\/eu\/wp-json\/wp\/v2\/tags?post=109723"}],"curies":[{"name":"wp","href":"https:\/\/api.w.org\/{rel}","templated":true}]}}

<p>Se puede hacer ejercicio físico teniendo asma si el asma se encuentra <strong>en una fase de control</strong>.</p>



<p>El ejercicio físico y la hiperventilación propia del deporte son, de por sí, desencadenantes de asma, con lo cual, para hacer deporte, ese asma debe estar bien controlada, por eso es muy importante acudir al alergólogo. </p>



<p>La idea no es ir aliviar los síntomas del asma, sino prevenir. Existen inhaladores de mantenimiento que se hacen cada 24 o cada 12 horas, aun cuando el paciente está bien, para que ese asma esté bien controlada y, cuando se exponga al ejercicio físico, ese asma no empeore, no se exacerbe. </p>



<p>Está demostrado que un <strong>ejercicio regular de intensidad mediana</strong> es beneficioso para la capacidad pulmonar de pacientes asmáticos. </p>



<p>No es recomendable realizar ejercicio profesional o de alta intensidad. Por otro lado, un ejercicio suave, como el yoga o el pilates, tampoco ayudarían a mejorar la capacidad pulmonar. Lo más recomendable sería un ejercicio aeróbico regular de intensidad media.</p>

<!-- This site is optimized with the Yoast SEO plugin v27.2 - https://yoast.com/product/yoast-seo-wordpress/ -->
<title>¿Puedo hacer deporte si tengo asma? - Policlínica Gipuzkoa</title>
<meta name="robots" content="index, follow, max-snippet:-1, max-image-preview:large, max-video-preview:-1" />
<link rel="canonical" href="https://www.policlinicagipuzkoa.com/eu/preguntas-medicas/deporte-asma/" />
<meta property="og:locale" content="en_US" />
<meta property="og:type" content="article" />
<meta property="og:title" content="¿Puedo hacer deporte si tengo asma? - Policlínica Gipuzkoa" />
<meta property="og:url" content="https://www.policlinicagipuzkoa.com/eu/preguntas-medicas/deporte-asma/" />
<meta property="og:site_name" content="Policlínica Gipuzkoa" />
<meta property="article:publisher" content="https://www.facebook.com/policlinicagipuzkoa" />
<meta property="article:modified_time" content="2023-04-28T12:30:00+00:00" />
<meta name="twitter:card" content="summary_large_image" />
<meta name="twitter:site" content="@PolicliGipuzkoa" />
<meta name="twitter:label1" content="Est. reading time" />
	<meta name="twitter:data1" content="1 minutua" />
<script type="application/ld+json" class="yoast-schema-graph">{"@context":"https://schema.org","@graph":[{"@type":"WebPage","@id":"https://www.policlinicagipuzkoa.com/eu/preguntas-medicas/deporte-asma/","url":"https://www.policlinicagipuzkoa.com/eu/preguntas-medicas/deporte-asma/","name":"¿Puedo hacer deporte si tengo asma? - Policlínica Gipuzkoa","isPartOf":{"@id":"https://www.policlinicagipuzkoa.com/eu/#website"},"datePublished":"2023-04-28T12:26:09+00:00","dateModified":"2023-04-28T12:30:00+00:00","breadcrumb":{"@id":"https://www.policlinicagipuzkoa.com/eu/preguntas-medicas/deporte-asma/#breadcrumb"},"inLanguage":"eu","potentialAction":[{"@type":"ReadAction","target":["https://www.policlinicagipuzkoa.com/eu/preguntas-medicas/deporte-asma/"]}]},{"@type":"BreadcrumbList","@id":"https://www.policlinicagipuzkoa.com/eu/preguntas-medicas/deporte-asma/#breadcrumb","itemListElement":[{"@type":"ListItem","position":1,"name":"Portada","item":"https://www.policlinicagipuzkoa.com/eu/"},{"@type":"ListItem","position":2,"name":"¿Puedo hacer deporte si tengo asma?"}]},{"@type":"WebSite","@id":"https://www.policlinicagipuzkoa.com/eu/#website","url":"https://www.policlinicagipuzkoa.com/eu/","name":"Policlínica Gipuzkoa","description":"","publisher":{"@id":"https://www.policlinicagipuzkoa.com/eu/#organization"},"potentialAction":[{"@type":"SearchAction","target":{"@type":"EntryPoint","urlTemplate":"https://www.policlinicagipuzkoa.com/eu/?s={search_term_string}"},"query-input":{"@type":"PropertyValueSpecification","valueRequired":true,"valueName":"search_term_string"}}],"inLanguage":"eu"},{"@type":"Organization","@id":"https://www.policlinicagipuzkoa.com/eu/#organization","name":"Policlínica Gipuzkoa","url":"https://www.policlinicagipuzkoa.com/eu/","logo":{"@type":"ImageObject","inLanguage":"eu","@id":"https://www.policlinicagipuzkoa.com/eu/#/schema/logo/image/","url":"https://www.policlinicagipuzkoa.com/wp-content/uploads/2016/12/FotoLogoPG.jpg","contentUrl":"https://www.policlinicagipuzkoa.com/wp-content/uploads/2016/12/FotoLogoPG.jpg","width":1600,"height":800,"caption":"Policlínica Gipuzkoa"},"image":{"@id":"https://www.policlinicagipuzkoa.com/eu/#/schema/logo/image/"},"sameAs":["https://www.facebook.com/policlinicagipuzkoa","https://x.com/PolicliGipuzkoa","https://instagram.com/policlinicagipuzkoa/","https://es.linkedin.com/company/policlinica-gipuzkoa","https://www.youtube.com/user/POLICLINICAGIPUZKOA"]}]}</script>
<!-- / Yoast SEO plugin. -->

¿Puedo hacer deporte si tengo asma? - Policlínica Gipuzkoa

Policlínica Gipuzkoa
